is the hundred thousands digit of 118738?
1
What is the hundreds digit of 441708?
7
What is the ten thousands digit of 755652?
5
What is the millions digit of 13348122?
3
What is the thousands digit of 5083566?
3
What is the tens digit of 1530862?
6
What is the units digit of 7227173?
3
What is the ten thousands digit of 11801022?
0
What is the thousands digit of 69798?
9
What is the hundreds digit of 13257831?
8
What is the units digit of 1600494?
4
What is the millions digit of 17506069?
7
What is the ten thousands digit of 406682?
0
What is the units digit of 781349?
9
What is the units digit of 9473129?
9
What is the tens digit of 5126288?
8
What is the ten thousands digit of 731051?
3
What is the units digit of 7466862?
2
What is the ten thousands digit of 175205?
7
What is the thousands digit of 240183?
0
What is the hundreds digit of 52963?
9
What is the hundreds digit of 11614605?
6
What is the ten thousands digit of 2472105?
7
What is the units digit of 68241?
1
What is the tens digit of 505908?
0
What is the tens digit of 305545?
4
What is the units digit of 442308?
8
What is the thousands digit of 42620?
2
What is the thousands digit of 2914705?
4
What is the ten thousands digit of 255655?
5
What is the units digit of 361836?
6
What is the ten thousands digit of 599098?
9
What is the hundreds digit of 26814364?
3
What is the thousands digit of 848139?
8
What is the hundred thousands digit of 911976?
9
What is the hundreds digit of 966230?
2
What is the thousands digit of 375349?
5
What is the ten thousands digit of 3578489?
7
What is the thousands digit of 10575750?
5
What is the thousands digit of 21838?
1
What is the hundred thousands digit of 2498698?
4
What is the thousands digit of 698517?
8
What is the units digit of 24917590?
0
What is the thousands digit of 15311672?
1
What is the hundreds digit of 101012?
0
What is the hundreds digit of 9561?
5
What is the ten thousands digit of 55205?
5
What is the hundred thousands digit of 565699?
5
What is the hundreds digit of 27308052?
0
What is the hundred thousands digit of 1090349?
0
What is the ten thousands digit of 160903?
6
What is the tens digit of 4158462?
6
What is the units digit of 19872752?
2
What is the hundreds digit of 21752973?
9
What is the hundred thousands digit of 208630?
2
What is the units digit of 15188828?
8
What is the hundreds digit of 2666812?
8
What is the tens digit of 94406?
0
What is the tens digit of 1234179?
7
What is the hundreds digit of 4699060?
0
What is the hundred thousands digit of 130519?
1
What is the tens digit of 745571?
7
What is the tens digit of 671907?
0
What is the hundreds digit of 1710030?
0
What is the units digit of 639020?
0
What is the thousands digit of 124206?
4
What is the millions digit of 1318195?
1
What is the hundreds digit of 24861?
8
What is the thousands digit of 6734246?
4
What is the ten millions digit of 21643741?
2
What is the ten thousands digit of 158860?
5
What is the thousands digit of 2035575?
5
What is the ten thousands digit of 9944690?
4
What is the tens digit of 3479667?
6
What is the hundreds digit of 247960?
9
What is the ten thousands digit of 139500?
3
What is the units digit of 1354001?
1
What is the thousands digit of 2646025?
6
What is the units digit of 28510523?
3
What is the tens digit of 598817?
1
What is the tens digit of 680014?
1
What is the tens digit of 11458176?
7
What is the hundreds digit of 351622?
6
What is the tens digit of 744226?
2
What is the hundreds digit of 2650619?
6
What is the ten thousands digit of 672677?
7
What is the units digit of 920666?
6
What is the thousands digit of 245001?
5
What is the thousands digit of 813304?
3
What is the thousands digit of 1566387?
6
What is the thousands digit of 1704487?
4
What is the hundred thousands digit of 6312112?
3
What is the tens digit of 10484544?
4
What is the units digit of 120681?
1
What is the tens digit of 1118060?
6
What is the units digit of 242627?
7
What is the tens digit of 256066?
6
What is the tens digit of 7254469?
6
What is the hundreds digit of 4290434?
4
What is the hundred thousands digit of 10314122?
3
What is the hundreds digit of 9753071?
0
What is the hundred thousands digit of 13297459?
2
What is the hundreds digit of 21433?
4
What is the millions digit of 1528756?
1
What is the tens digit of 1652965?
6
What is the ten thousands digit of 808357?
0
What is the hundreds digit of 60226?
2
What is the units digit of 1617005?
5
What is the thousands digit of 720730?
0
What is the ten thousands digit of 86000?
8
What is the thousands digit of 5647732?
7
What is the millions digit of 4090538?
4
What is the hundreds digit of 10972875?
8
What is the tens digit of 338510?
1
What is the hundred thousands digit of 2225110?
2
What is the hundreds digit of 96071?
0
What is the units digit of 869930?
0
What is the hundreds digit of 799627?
6
What is the hundred thousands digit of 3080201?
0
What is the hundred thousands digit of 1954909?
9
What is the tens digit of 52200?
0
What is the units digit of 449975?
5
What is the hundred thousands digit of 11144524?
1
What is the millions digit of 2643475?
2
What is the thousands digit of 261091?
1
What is the hundred thousands digit of 3373886?
3
What is the millions digit of 1610824?
1
What is the hundreds digit of 896844?
8
What is the hundreds digit of 9896?
8
What is the hundreds digit of 747156?
1
What is the ten thousands digit of 3121577?
2
What is the thousands digit of 3039094?
9
What is the ten thousands digit of 10380779?
8
What is the thousands digit of 237089?
7
What is the millions digit of 5744279?
5
What is the hundreds digit of 1357704?
7
What is the ten thousands digit of 861336?
6
What is the units digit of 467305?
5
What is the hundreds digit of 10235141?
1
What is the hundred thousands digit of 4313248?
3
What is the millions digit of 5705695?
5
What is the tens digit of 208868?
6
What is the hundreds digit of 2094429?
4
What is the ten thousands digit of 19820536?
2
What is the units digit of 14018739?
9
What is the tens digit of 2806526?
2
What is the hundreds digit of 193033?
0
What is the tens digit of 8377762?
6
What is the units digit of 133851?
1
What is the tens digit of 1078297?
9
What is the hundreds digit of 548582?
5
What is the hundreds digit of 24897735?
7
What is the ten thousands digit of 111635?
1
What is the units digit of 22048?
8
What is the tens digit of 1006204?
0
What is the units digit of 4406064?
4
What is the units digit of 3742400?
0
What is the thousands digit of 16286020?
6
What is the tens digit of 582898?
9
What is the units digit of 347564?
4
What is the units digit of 7987163?
3
What is the units digit of 383023?
3
What is the ten thousands digit of 7097722?
9
What is the hundreds digit of 14833344?
3
What is the units digit of 24020?
0
What is the millions digit of 1165303?
1
What is the thousands digit of 735001?
5
What is the hundred thousands digit of 4216264?
2
What is the thousands digit of 170878?
0
What is the tens digit of 4794631?
3
What is the hundred thousands digit of 838115?
8
What is the thousands digit of 137637?
7
What is the units digit of 1385313?
3
What is the hundred thousands digit of 1835961?
8
What is the units digit of 181377?
7
What is the tens digit of 21940393?
9
What is the thousands digit of 7574328?
4
What is the millions digit of 8392732?
8
What is the tens digit of 62602?
0
What is the hundreds digit of 204757?
7
What is the tens digit of 63200?
0
What is the hundreds digit of 13577?
5
What is the hundreds digit of 465634?
6
What is the ten millions digit of 12611221?
1
What is the units digit of 5877554?
4
What is the tens digit of 146111?
1
What is the thousands digit of 722437?
2
What is the thousands digit of 10764850?
4
What is the ten thousands digit of 105243?
0
What is the ten thousands digit of 9997814?
9
What is the thousands digit of 1439528?
9
What is the units digit of 11115?
5
What is the units digit of 432000?
0
What is the hundreds digit of 9160491?
4
What is the ten thousands digit of 1575199?
7
What is the millions digit of 9049889?
9
What is the units digit of 3043874?
4
What is the hundreds digit of 89017?
0
What is the tens digit of 1269088?
8
What is the units digit of 